on factor of 3094 and 82212?
442
Calculate the highest common divisor of 9090 and 1035.
45
What is the greatest common factor of 134612 and 12556?
292
What is the greatest common divisor of 164790 and 90?
90
Calculate the greatest common factor of 202607 and 4761.
529
What is the greatest common divisor of 559 and 1729?
13
What is the highest common divisor of 1912 and 3745130?
478
What is the greatest common factor of 590 and 131865?
295
What is the highest common divisor of 111622 and 28475?
1139
What is the greatest common factor of 1440 and 800?
160
What is the highest common factor of 1921923 and 1253?
179
What is the highest common factor of 767825 and 25?
25
Calculate the highest common divisor of 14348 and 33338.
422
Calculate the greatest common factor of 30350 and 325.
25
Calculate the highest common factor of 1886 and 4838.
82
What is the highest common divisor of 608327 and 92?
23
What is the highest common divisor of 1276 and 101123?
319
Calculate the highest common factor of 42035 and 105.
35
What is the greatest common divisor of 487 and 1009?
1
Calculate the highest common factor of 679940 and 60.
20
What is the highest common factor of 1190 and 18368?
14
Calculate the highest common divisor of 158799 and 129.
129
What is the highest common factor of 38400 and 6912?
768
What is the highest common divisor of 215327 and 133?
133
What is the greatest common factor of 13801 and 7?
1
Calculate the greatest common divisor of 306 and 261426.
102
What is the greatest common factor of 21714 and 5123?
47
What is the highest common factor of 256985 and 515?
515
What is the greatest common factor of 2778720 and 32?
32
Calculate the highest common divisor of 14 and 102403.
7
What is the greatest common factor of 544 and 55012?
68
Calculate the highest common divisor of 49395 and 66750.
1335
What is the greatest common factor of 64617 and 1785?
357
What is the highest common factor of 761418 and 18?
18
What is the highest common factor of 5782 and 3717?
413
What is the greatest common factor of 93417 and 9?
3
What is the greatest common factor of 3612 and 822332?
1204
What is the greatest common divisor of 623331 and 45?
9
Calculate the highest common divisor of 5395912 and 268.
268
Calculate the greatest common factor of 2768 and 713971.
173
What is the highest common factor of 8817 and 3?
3
What is the highest common divisor of 63 and 35199?
9
Calculate the highest common divisor of 360 and 134415.
45
Calculate the highest common factor of 407 and 202834.
37
What is the greatest common divisor of 219 and 11103?
3
Calculate the highest common divisor of 1970540 and 689.
689
Calculate the greatest common factor of 7752 and 18672.
24
Calculate the greatest common factor of 504 and 94920.
168
Calculate the highest common factor of 106 and 432.
2
Calculate the greatest common divisor of 172656 and 12644.
436
What is the greatest common divisor of 12420 and 2420?
20
What is the highest common factor of 49837 and 57?
19
What is the highest common divisor of 1433151 and 171?
171
Calculate the greatest common factor of 799 and 257795.
47
What is the highest common factor of 729 and 704943?
729
Calculate the highest common factor of 504 and 1400.
56
Calculate the highest common divisor of 6325 and 14685.
55
Calculate the greatest common factor of 10572 and 13956.
12
Calculate the greatest common factor of 5261858 and 205.
41
What is the greatest common divisor of 281306 and 344?
86
Calculate the highest common divisor of 1 and 1437762.
1
What is the highest common divisor of 254 and 129413?
127
What is the highest common factor of 10431 and 627?
57
What is the highest common factor of 211653 and 117?
117
Calculate the greatest common divisor of 386 and 8.
2
Calculate the greatest common divisor of 2070 and 17319.
69
What is the greatest common divisor of 241508 and 4537?
349
Calculate the highest common divisor of 1046 and 50.
2
What is the highest common divisor of 24 and 30882?
6
What is the highest common divisor of 613844 and 440?
44
What is the highest common divisor of 29375 and 3149?
47
What is the highest common divisor of 690 and 38755?
115
Calculate the highest common factor of 3336 and 1464.
24
What is the greatest common factor of 19093 and 235063?
313
Calculate the highest common factor of 26567 and 155.
31
Calculate the highest common factor of 821600 and 200.
200
Calculate the highest common factor of 581161 and 14.
7
What is the greatest common divisor of 56979 and 144?
9
Calculate the greatest common divisor of 1913180 and 60.
20
What is the greatest common factor of 10575 and 375?
75
Calculate the highest common divisor of 4842 and 3342.
6
What is the highest common divisor of 59 and 36875?
59
Calculate the highest common factor of 15 and 28290.
15
Calculate the highest common factor of 19950 and 546.
42
What is the greatest common factor of 2560 and 45?
5
What is the highest common divisor of 1781748 and 6?
6
What is the greatest common factor of 95 and 340195?
95
Calculate the highest common divisor of 9125 and 657.
73
What is the highest common factor of 117240 and 48?
24
What is the highest common factor of 67253 and 109?
109
What is the highest common factor of 16307 and 92?
23
What is the highest common divisor of 1416084 and 597?
597
What is the highest common divisor of 75990 and 12750?
510
What is the highest common factor of 288 and 34488?
72
What is the greatest common divisor of 9384 and 2941?
17
Calculate the highest common divisor of 373010 and 11.
11
Calculate the highest common divisor of 1596 and 52332.
84
Calculate the greatest common factor of 21 and 12786.
3
Calculate the highest common divisor of 39710 and 8.
2
What is the greatest common factor of 34 and 2085747?
17
Calculate the highest common divisor of 23463375 and 25.
25
Calculate the greatest common factor of 50 and 490550.
50
Calculate the highest common factor of 20 and 70910.
10
Calculate the highest common divisor of 237204 and 7524.
396
What is the highest common divisor of 13053312 and 432?
432
What is the greatest common factor of 136 and 95512?
8
Calculate the highest common factor of 3600 and 5275.
25
What is the greatest common factor of 7370 and 23210?
110
What is the greatest common divisor of 427674 and 2652?
78
Calculate the highest common divisor of 491701 and 14.
7
Calculate the greatest common divisor of 908304 and 127.
127
Calculate the greatest common factor of 250010 and 920.
230
What is the greatest common divisor of 110 and 3610?
10
What is the highest common factor of 15543 and 152761?
157
Calculate the greatest common factor of 366215 and 15.
5
What is the greatest common divisor of 1566 and 7221?
87
What is the highest common divisor of 1180 and 6640?
20
Calculate the highest common factor of 12264450 and 132.
66
What is the highest common factor of 75 and 6145?
5
What is the highest common divisor of 88 and 568?
8
Calculate the greatest common divisor of 24362 and 208.
26
What is the highest common divisor of 4318 and 306?
34
What is the greatest common factor of 162 and 9189?
9
What is the highest common factor of 27166 and 752?
94
Calculate the greatest common divisor of 46224 and 81.
27
What is the greatest common factor of 2460506 and 4072?
1018
Calculate the greatest common factor of 20 and 1085720.
20
Calculate the highest common divisor of 2015680 and 480.
160
Calculate the greatest common factor of 1728 and 10224.
144
What is the highest common factor of 514 and 4009457?
257
What is the highest common factor of 19675 and 1175?
25
Calculate the highest common divisor of 448 and 2672.
16
What is the greatest common divisor of 710133 and 335?
67
What is the highest common divisor of 459 and 171?
9
Calculate the highest common divisor of 175 and 124943.
7
What is the highest common factor of 1694 and 125048?
154
Calculate the greatest common factor of 394 and 58509.
197
What is the greatest common divisor of 645127 and 46?
23
Calculate the highest common factor of 39650 and 38857.
793
Calculate the greatest common divisor of 242420 and 2300.
460
What is the greatest common divisor of 11452 and 36?
4
What is the highest common divisor of 4730 and 1084030?
430
What is the highest common divisor of 528 and 241872?
48
What i